, 3*a + 0*a - 27 = -2*o. Let w = -168 + 312. Calculate the highest common divisor of o and w.
18
Suppose -6 - 127 = 3*u - 4*w, 0 = -3*u - 2*w - 127. Let y = u - -87. What is the highest common divisor of y and 11?
11
Suppose -l + 42 = 2*l. Suppose -3*x + 2800 = 2*x. Suppose -5*p - x = -10*p. Calculate the highest common divisor of p and l.
14
Let b(r) = 4*r**2 - 7*r + 3. Let v be b(7). What is the greatest common divisor of 30 and v?
30
Let m = 20 - 8. What is the greatest common divisor of 6 and m?
6
Let m = -27 + 41. Calculate the highest common divisor of m and 70.
14
Let j(y) = y**2 - 2*y + 1. Suppose 0*i = 3*i - 3. Let h be j(i). Suppose h = -w - w + 16. What is the highest common divisor of 12 and w?
4
Let q(s) = s**2 + 2*s - 11. Let p be q(-5). Suppose -o = 5*c - 2 - 22, 0 = p*o + c - 39. Let i = -16 - -52. What is the greatest common divisor of o and i?
9
Let a be 2/4 + 726/4. Suppose -3*o - 1156 = -1234. What is the greatest common divisor of a and o?
26
Suppose 3 = -2*b + 7. Calculate the greatest common factor of b and 18.
2
Let t(h) = -37*h + 1. Let g(v) = 36*v - 1. Let z(i) = -7*g(i) - 6*t(i). Let x be z(-4). Let y = x + -61. What is the greatest common divisor of y and 15?
15
Let i = -63 - -90. What is the greatest common divisor of 18 and i?
9
Let f be 0/(-5) + (1 - 1). Suppose 2*j + f*j + 3*x - 29 = 0, 85 = 4*j - 3*x. What is the highest common divisor of 190 and j?
19
Suppose 20 = -4*v + 60. Suppose 4*a = -4*o + 12, 2*o = -v - 0. What is the greatest common factor of 8 and a?
8
Let o be (-4)/(-18) + 14/18. Suppose 1 = -5*k - 9. Let j be k/(-1) + 3/(-3). What is the greatest common divisor of o and j?
1
Let m(p) = 10*p - 8. Let h be m(8). Suppose -2*l - l + h = 0. Calculate the greatest common factor of l and 12.
12
Let b(y) = 7*y**3 - y + 2. Let o be b(1). Calculate the greatest common factor of o and 20.
4
Let r(m) = 59*m**2 + 1. Let h be r(1). Let s(b) = b**3 + 9*b**2 + 18*b + 10. Let u be s(-5). Calculate the greatest common factor of h and u.
20
Let h be (-30)/((-9)/(-12)*-2). Calculate the greatest common factor of h and 30.
10
Suppose 2*v + 2*v = 36. Suppose 3*q + 4 = o, 3*o - 3*q = v + 3. Let b = 29 + -21. Calculate the greatest common factor of b and o.
4
Let m(i) = -3*i**3 + 6*i**2 + 7*i + 3. Let t be m(-3). Calculate the highest common divisor of t and 78.
39
Let p be 9/(-15)*1*-5. Suppose 3*j = p*s, -2*s = -4*s - 2*j + 12. Calculate the greatest common divisor of 3 and s.
3
Suppose 5*t = -15, -5*b + 3*t = 5 + 6. Let p = b + 6. Let f(u) = u + 8. Let c be f(-6). Calculate the greatest common factor of c and p.
2
Let x = -75 - -78. What is the highest common factor of x and 21?
3
Suppose -24*u + 21*u + 3 = 0. Calculate the highest common divisor of u and 7.
1
Let s(a) = -a**2 + 3*a + 30. Let x be s(5). Calculate the highest common factor of x and 180.
20
Let f = 3 + -2. Let x be 0*(-2 - (-3)/f). Let n be (x + (0 - 1))*-5. What is the greatest common factor of 40 and n?
5
Suppose 5*n + 4*a = 96, -2*n + 5*a + 43 = 2*a. Let g(o) = 4*o - 2. Let d be g(4). Let p = d - 6. What is the greatest common factor of p and n?
4
Let s be 9*((-27)/(-9) + (-14)/(-6)). What is the highest common divisor of 36 and s?
12
Let q be ((-32)/40)/((-1)/20). What is the greatest common divisor of q and 24?
8
Let a = -2 - -7. Suppose -4*k + 53 = 5*m, 2*m = -0*m + a*k + 8. What is the highest common divisor of 36 and m?
9
Let y(o) be the third derivative of o**5/30 + o**4/3 - 3*o**3/2 - 2*o**2. Let m be y(-8). Let r = 20 + -9. What is the greatest common factor of r and m?
11
Let u(k) = 6*k - 2. Let r be u(2). Suppose -m = -5*f - 158, 4*m + 104 = -3*f - 0*m. Let n = f + 62. What is the greatest common divisor of n and r?
10
Let u = 16 + 4. Suppose -4*y + 220 = -u. What is the greatest common factor of y and 12?
12
Let p = 99 + -45. Calculate the greatest common factor of 36 and p.
18
Let m(j) = 7*j + 4. Suppose 2*t = -2*t + 80. Let k be (24/10)/(6/t). Let d be m(k). What is the highest common factor of d and 12?
12
Let j(p) = -4 + 4 - 7*p**2 + p**3 - 4 + p. Let r be j(7). Suppose -11 = -r*h + 43. What is the greatest common factor of 2 and h?
2
Suppose 0*l = -3*l - 3*i + 24, 0 = -l + 3*i + 8. Suppose -10 = -o - 14. Let k be 0 - (-63 - (-3 - o)). Calculate the greatest common divisor of l and k.
8
Let x(w) = w**2 - 7*w. Let c be x(7). Suppose 7*p = -g + 2*p + 80, c = g + 2*p - 92. Calculate the greatest common factor of 40 and g.
20
Suppose -4*v - 4*d + 164 = 0, 5*v = 2*d + 57 + 127. Let o = -69 - -164. What is the greatest common divisor of o and v?
19
Let a = 8 + 1. Let n(t) = 17*t**2 - t. Let w be n(-1). What is the greatest common divisor of w and a?
9
Suppose 4*k - 670 = 806. Calculate the highest common divisor of k and 41.
41
Let n be (-2 - 0) + 28 + -2. Suppose 6 = -h + n. Let w(m) = -m + 12. Let j be w(0). What is the highest common divisor of h and j?
6
Let h be (3 - -2) + 1 + 0. Suppose -10*t + h*t + 32 = 0. What is the highest common divisor of 2 and t?
2
Suppose -p - 300 = -5*p. Let h = p - 12. Calculate the greatest common divisor of 9 and h.
9
Let s(m) = -m + 7. Let y be s(-5). Let i be (1/1)/1*36. Calculate the greatest common divisor of i and y.
12
Suppose 2*f - 13 = 7. Calculate the greatest common divisor of f and 10.
10
Let f = -168 + 212. What is the greatest common divisor of f and 12?
4
Let s = 337 + -325. Let v be 2*(0 - -1) + 2. What is the highest common divisor of s and v?
4
Let r be (-1166)/(-10) - (-10)/25. Calculate the highest common divisor of r and 13.
13
Let q be (154/6)/(5/15). What is the greatest common divisor of 11 and q?
11
Let x(f) = 17*f - 30. Let o be x(14). What is the greatest common divisor of o and 26?
26
Let r(n) = -10*n - 6. Suppose d = 2 - 3. Let p be 4*(5/(-2) - d). Let u be r(p). What is the highest common factor of 6 and u?
6
Let t(j) = j**2 + 11*j + 19. Let n be t(-9). What is the greatest common factor of 1 and n?
1
Let t = 196 + -166. Calculate the greatest common divisor of 60 and t.
30
Suppose 0 = 13*j - 8*j - 25. Let w(u) = u**3 + 9*u**2 + 2*u - 3. Let b be w(-8). What is the highest common divisor of j and b?
5
Let l(i) = 4*i + 5. Let j be l(0). Calculate the highest common divisor of j and 5.
5
Let a = -252 - -648. What is the greatest common divisor of 36 and a?
36
Let x(t) = 10*t - 17*t + 2*t - 28*t - 2. Let p be x(-2). What is the highest common factor of 8 and p?
8
Suppose -129 = -15*z + 171. What is the highest common divisor of 28 and z?
4
Let p(n) = -4*n + 1. Let o be p(1). Let a(d) = -22*d - 6. Let h be a(o). What is the highest common divisor of h and 12?
12
Let c be (-16)/(-9) + (-6)/(-27). What is the highest common factor of c and 18?
2
Suppose 4*m + 487 + 297 = 0. Let o = m + 342. Suppose 0 = 2*q - 4*b - o, -2*q - 6 = -2*b - 154. What is the highest common factor of 30 and q?
15
Let v(w) = 4*w**2 - 6*w - 4. Let t be v(5). What is the highest common factor of 11 and t?
11
Let o be 6/33 - (-691)/11. What is the highest common divisor of 9 and o?
9
Let b(j) = j - 6. Let x be b(9). Let u = -1 + 5. Suppose -3*z - x*g + u = -23, -5*g + 30 = 2*z. What is the greatest common factor of 45 and z?
5
Let g = -19 + 34. What is the highest common factor of g and 45?
15
Let t(d) = -10*d + 2. Let p be (-4)/18 - 34/9. Let j be t(p). Suppose -4*u = -20 - 92. Calculate the greatest common divisor of u and j.
14
Let g = 21 - 7. Suppose 9 = 3*l, 2*r - 5*r - 5*l + 36 = 0. Calculate the highest common factor of r and g.
7
Let s be 3*(-9)/6*2. Let h be 2/(-2)*2 - s. Let r(x) = -x + 14. Let a be r(h). What is the highest common factor of 7 and a?
7
Let v(s) be the third derivative of s**4/8 - 3*s**3/2 - s**2. Let y be v(9). What is the highest common divisor of y and 126?
18
Let p = -22 - -34. What is the highest common factor of 12 and p?
12
Let u be -5 + 2 - (-8 + 3). What is the greatest common factor of u and 3?
1
Suppose 0 = -17*h + 735 - 21. Calculate the highest common factor of 21 and h.
21
Let p be (-3)/2 - 2456/(-16). What is the highest common divisor of 19 and p?
19
Suppose -9*i - 285 = -14*i. What is the highest common divisor of i and 19?
19
Let a = 629 + -431. Calculate the greatest common divisor of 22 and a.
22
Let c = -5 - -25. Suppose 5*o = -c, -2*d + 0*o + 5*o = -130. What is